 3*o - 114 = 0. Let t be (3/(-4))/(13/y). Calculate the highest common factor of t and 1.
1
Suppose 3*i - 2 = -y - 0, 5*i - 2*y = -15. Let w be -14*4/(8/(-23)) + i. Calculate the greatest common divisor of w and 40.
40
Let w = 199 + -119. Let s = w + -51. What is the highest common divisor of s and 87?
29
Let x(y) be the second derivative of 5*y**3/2 - 14*y. Let b(n) = -n**2 + 8*n - 5. Let h be b(6). Let z be x(h). What is the highest common factor of z and 15?
15
Let r(u) = 53*u**3 + 15*u - 7. Let a be r(4). Calculate the greatest common divisor of 13 and a.
13
Suppose 11*j = 346 + 2206. Calculate the highest common divisor of 29 and j.
29
Suppose d + 3*r = 7*r + 72, -d - 5*r + 117 = 0. Calculate the highest common divisor of 12 and d.
4
Let h be (-195)/(-10) - 2/(-4). Suppose -2*o - 5*m - 50 - 19 = 0, 3*m - 219 = 5*o. Let y = 222 + o. What is the greatest common factor of y and h?
20
Suppose -3*v = -5*g + g - 7, -2*v + 5*g = 0. Let b = 2 + 5. Suppose 4*l - 23 = -3*m, 3*m - 2*l - 4 = b. Calculate the highest common divisor of m and v.
5
Let r(h) = 3*h**2 + 12*h + 24. Let a be r(-4). What is the greatest common factor of 372 and a?
12
Suppose -8*p + 20 = -6*p. Calculate the highest common divisor of 55 and p.
5
Let z = -21 + 28. Suppose -z = 3*r - 55. Suppose 2*u = -10, -2*l + 37 - 8 = -5*u. Calculate the highest common divisor of r and l.
2
Let i be ((-25)/6)/(-5) + 7075/150. What is the highest common divisor of 208 and i?
16
Let o be ((-368)/23)/(1 + -2). Let w = 6 - 2. What is the highest common divisor of o and w?
4
Suppose -2*c = -10, 3*c - 4*c - 580 = -5*n. What is the greatest common factor of n and 39?
39
Let d(h) = h**3 - 11*h**2 + 11*h - 8. Let x(u) = 10*u**2 + u - 1. Let i be x(1). Let b be d(i). What is the highest common divisor of b and 5?
1
Let c be (-4)/((16/(-72))/((-4)/(-3))). Let i = -34 + 70. Calculate the highest common divisor of i and c.
12
Let o = 99 + 1182. What is the highest common divisor of 21 and o?
21
Let c be ((-18)/5 - -2)/((-71)/1065). What is the greatest common divisor of 3 and c?
3
Let i(l) = l**3 - 11*l**2 - 12*l + 2. Let k be i(12). Suppose -k*w + 127 = 37. Let j = w - -11. What is the greatest common factor of j and 7?
7
Suppose -4598 = -21*s - 17*s. What is the greatest common factor of 1694 and s?
121
Let i(j) = -j**3 - 12*j**2 + 48*j + 51. Let a be i(-15). Let y be (-286)/(-8) - (-1)/4. What is the highest common factor of y and a?
6
Let l = -36 - -41. Suppose -l*s = -4*y - 520, 4*y + 81 = s - 7. Calculate the greatest common factor of s and 12.
12
Let w be 0 + 2 - (5 - 1). Let d be 1 + 4/w + 1. Suppose 5*b - b + 10 = -5*m, 2*m + b + 1 = d. What is the greatest common factor of m and 16?
2
Let k(w) = 145*w - 12. Let b be k(1). Calculate the highest common divisor of b and 49.
7
Let l be (27/(-2))/(22/4 - 6). What is the greatest common factor of l and 306?
9
Let m(s) = -134*s + 8. Let o be m(-3). Calculate the highest common divisor of o and 10.
10
Let k(f) = f + 1. Let z be k(-6). Let h(g) = -5*g - 10. Let r be h(z). Let t be (-3)/((-3)/(-1)) + 121. What is the greatest common divisor of r and t?
15
Let a be 1 + 27 + -2 - -2. Let z = -23 - -25. Suppose -z = -2*f + p + 2*p, 4*f - 4*p = 12. Calculate the greatest common factor of f and a.
7
Let d(w) = -w - 1. Let h(b) = 16*b + 16. Let u(z) = -20*d(z) - h(z). Let p be u(3). Let v = 29 - p. Calculate the greatest common factor of 52 and v.
13
Suppose 5*g = -4*a + g + 12, 5*a = g + 21. Let v be 3/5 + 3/(-5). Suppose 5*h + s - 19 = v, 13 = 5*h - s - 8. What is the highest common divisor of h and a?
4
Suppose 21*g = 2635 + 95. What is the greatest common factor of 104 and g?
26
Let f(p) = -14*p + 28. Let a be f(-13). What is the highest common divisor of 30 and a?
30
Let t be 35 - (11 + (-10 - -4)). What is the highest common factor of t and 50?
10
Let w = 37 + -13. What is the highest common divisor of w and 32?
8
Suppose 0 = 2*r - 5*b - 20, -8*r + 5*b + 50 = -3*r. Let c be r/25 + (-136)/(-10). Calculate the greatest common divisor of 70 and c.
14
Suppose 5*d - 383 = -4*q, 0*q - d = -4*q + 365. Suppose 35 - q = -3*x. Calculate the greatest common divisor of x and 19.
19
Let t = -71 + 7. Let m = 97 - t. Suppose -m = -4*v + 91. What is the highest common divisor of v and 9?
9
Let w = 13 + 30. Suppose -136 + w = -3*o. What is the greatest common factor of o and 155?
31
Let s = 175 - 144. What is the highest common factor of s and 124?
31
Let v = 162 + -90. Suppose -2*n = n - v. What is the greatest common divisor of n and 32?
8
Let c(k) = -2*k**2 - 22*k + 6. Let g(p) = 3*p**2 + 43*p - 11. Let n(l) = -5*c(l) - 3*g(l). Let d be n(23). Calculate the highest common divisor of d and 38.
19
Suppose -2*o = -a - 177, 0 = -4*o + 5*a + 402 - 57. What is the greatest common factor of o and 720?
90
Let p(x) = -x**3 - 2*x**2 - x. Let d be p(-2). Suppose 3*s + d*l = -s + 318, 82 = s + l. What is the highest common factor of s and 11?
11
Suppose 2*r - 3*r + 10 = 0. Let u(a) = 40*a**3 - a - 1 + 2*a**2 - 4*a**3 - 6*a**3. Let l be u(1). Calculate the highest common divisor of l and r.
10
Let f be (-32)/(-5) - 44/110. What is the greatest common divisor of f and 138?
6
Let x be ((-24)/5)/(4/(-550)). Suppose -17*h = -771 - 249. Calculate the greatest common divisor of x and h.
60
Let n(o) = -o**3 - 9*o**2 + 13*o - 4. Let c be n(-11). Let l = c - 65. What is the greatest common divisor of 270 and l?
30
Let v be (1 - 321)/(-8)*(9 - 2). Calculate the highest common factor of 28 and v.
28
Let w(h) = h**3 - 5*h**2 - 3*h. Let c be w(5). Let u be 185/3 + 10/c. Let q = -25 + u. What is the highest common factor of q and 9?
9
Suppose 2*g - 2*u = -3*g - 19, 3*u = -2*g. Let y be (-2)/1 - (g + 0). Let q be (-6)/4*(-32)/6. Calculate the highest common factor of y and q.
1
Suppose 3*h - 18 - 153 = -o, 5*o = 2*h - 97. Suppose 4*v + 13 = 4*w + 53, h = 5*v - 2*w. Let b = -215 - -227. What is the greatest common factor of v and b?
12
Let u = 515 + -508. What is the greatest common factor of 91 and u?
7
Suppose u = 3*u - 2. Let v(c) = 109*c**2 + 9*c - 8. Let s be v(u). What is the highest common divisor of s and 22?
22
Suppose 3*r - 2*h = -3*h + 87, 21 = r + 3*h. Calculate the highest common factor of r and 50.
10
Let u be ((-890)/20)/(1/(-6)). Calculate the greatest common factor of u and 89.
89
Suppose 2*y = 3*y - 12. Let w be (-40)/(-22) + ((-144)/88)/(-9). What is the highest common divisor of w and y?
2
Suppose 140 = 13*v - 6*v. What is the greatest common factor of 620 and v?
20
Suppose 0*b + b - 117 = -5*h, 5*b - 4*h = 614. Let c = -61 + b. Let n = 197 - c. What is the highest common factor of 17 and n?
17
Let b(g) = 2*g**2 + 6*g - 6. Let i be b(8). What is the greatest common factor of i and 30?
10
Suppose -2*k = 3*d - 183, 2*d + 381 = 4*k + 5*d. Let f(y) = y**3 - 8*y**2 + 8*y + 2. Let r be f(7). Calculate the greatest common divisor of k and r.
9
Suppose 4*h = -2*y + 35 + 211, 4*h - 249 = -3*y. Calculate the highest common divisor of 420 and h.
60
Let i(t) = -t**2 + 30*t - 204. Let b be i(13). Suppose 4*q = -5*p + 86 + 65, -4*p - 124 = -4*q. What is the greatest common divisor of b and q?
17
Suppose 3*l - 3*j = -207, -2*l - 3*j + 8*j - 147 = 0. Let p = 129 + l. What is the highest common divisor of p and 21?
21
Suppose -5*x + 3*l + 6 - 24 = 0, 0 = 5*x + 5*l + 10. Let h(i) = i + 15. Let b be h(x). Let n be (-2)/4*-4 + 1. Calculate the highest common factor of n and b.
3
Suppose -o = 2*o, 4*c = 3*o - 16. Let q = c + 99. Calculate the highest common factor of 19 and q.
19
Let o be (-1)/(-5) + 102/15. Let t = -36 + 30. Let r(n) = -n**3 - 5*n**2 + 4*n - 5. Let f be r(t). What is the highest common factor of o and f?
7
Let k(t) = t**3 + 57*t**2 + 249*t - 107. Let c be k(-52). Calculate the highest common factor of 15 and c.
15
Suppose 5*v - 9 = -3*o + 2, 0 = -2*v - 4. Let k be (-4)/(0 - 2/o). Suppose -3*f = -10 - k. Calculate the highest common divisor of f and 8.
8
Let q = 10 + -65. Let g = -32 - q. Calculate the highest common factor of g and 23.
23
Let o(r) = 2*r**3 - 58*r**2 - 45*r + 56. Let d be o(30). Calculate the greatest common divisor of d and 46.
46
Let p be 1/(-1 + (-123)/(-126)). Let x be (30/7)/((-3)/p). Let f(u) = -u**2 - u + 12. Let a be f(0). Calculate the greatest common